8c
In base 4, what is -131223122122 + -1?
-131223122123
In base 11, what is -57648 + -7302?
-6394a
In base 10, what is 3779217 + -6?
3779211
In base 6, what is 1 - 4523023124?
-4523023123
In base 3, what is 101000021022112 - 10?
101000021022102
In base 7, what is 231 + 230556?
231120
In base 14, what is 1b + 5dd2d?
5dd4a
In base 15, what is 53896 + -911?
52e85
In base 14, what is -26d + -31808?
-31a77
In base 13, what is -5c48 - -1a9?
-5a6c
In base 3, what is 11001010200122 - -102?
11001010201001
In base 6, what is -4251 + -31400?
-40051
In base 4, what is 13312 + -21002121?
-20322203
In base 15, what is -7a + -43e4?
-446e
In base 4, what is 23113110 + -23320?
23023130
In base 9, what is 28840034 + -1?
28840033
In base 9, what is -6 - -375780?
375773
In base 6, what is 3 - -14522405511?
14522405514
In base 15, what is 2473c6d - 2?
2473c6b
In base 2, what is -100000111 + 10011010000100?
10010101111101
In base 15, what is -4 - 1d0983?
-1d0987
In base 9, what is -127817 - 742?
-128660
In base 6, what is -241 + -3534553?
-3535234
In base 13, what is -1cc - 224b97?
-225096
In base 2, what is 111 - 1100111000010101011000?
-1100111000010101010001
In base 11, what is 198868805 - -3?
198868808
In base 15, what is -dbe - 243d?
-330c
In base 15, what is be95da - 0?
be95da
In base 11, what is 169 - 37594?
-37426
In base 11, what is -7 + -1437455?
-1437461
In base 4, what is 12321212333 + 1?
12321213000
In base 10, what is -27 + -304631?
-304658
In base 11, what is a9737629 + 2?
a9737630
In base 12, what is 94 + 25b186?
25b25a
In base 7, what is 220 - -10564035?
10564255
In base 13, what is -3441ca + 403?
-343ac7
In base 5, what is 43402 + 11222?
110124
In base 11, what is 12929 + 1096?
13a14
In base 16, what is 45c4e - 74?
45bda
In base 14, what is -56001b + -b?
-560028
In base 8, what is 10764 - -2367?
13353
In base 6, what is -10 - -21053204?
21053154
In base 11, what is 2 + -71a4a9?
-71a4a7
In base 14, what is -393c954 - 5?
-393c959
In base 8, what is -145731017 + 1?
-145731016
In base 10, what is -677996 - -482?
-677514
In base 6, what is -2541405 - 253?
-2542102
In base 16, what is -9 + -101fb5c?
-101fb65
In base 4, what is 3 - -20110320322?
20110320331
In base 11, what is 40a80 + -1a0?
40890
In base 2, what is -11101011011 - -100110000?
-11000101011
In base 3, what is -12 + 1001210200101111221?
1001210200101111202
In base 4, what is -2103131231013 + 0?
-2103131231013
In base 7, what is -5115343 - -3?
-5115340
In base 16, what is -1a7eb + a3f?
-19dac
In base 2, what is 0 + 1111000001101111011111?
1111000001101111011111
In base 7, what is 1 - -432366530?
432366531
In base 9, what is -15870584 - 8?
-15870603
In base 11, what is -11 - -48333a?
483329
In base 14, what is -9 + -2604d60?
-2604d69
In base 12, what is 2 - -10810509?
1081050b
In base 14, what is -54 - 717a7?
-7181b
In base 10, what is -5 - 39473663?
-39473668
In base 7, what is 33635021 + -20?
33635001
In base 4, what is 2 - 32002210020?
-32002210012
In base 9, what is 20 + -5267276?
-5267256
In base 13, what is 2185 + -549?
1939
In base 11, what is 76272 + 2371?
78633
In base 12, what is -4 - 8b7978?
-8b7980
In base 9, what is -12251 + 51827?
38566
In base 2, what is -101010001111111110 + 1101010?
-101010001110010100
In base 16, what is 73c0c7 - -37?
73c0fe
In base 14, what is -4a5 - -67b7?
6312
In base 5, what is 12203312 + 414?
12204231
In base 13, what is -b38848 - 1?
-b38849
In base 6, what is -3253202152 - 1?
-3253202153
In base 15, what is -2 - -2da638?
2da636
In base 3, what is -10121000 - -10200012?
2012
In base 3, what is -12111100112021 - -112?
-12111100111202
In base 16, what is 1 + 17842b3?
17842b4
In base 9, what is 15070 + -27733?
-12653
In base 11, what is -1a63514 - -42?
-1a63482
In base 4, what is -2311002203 + 32?
-2311002111
In base 15, what is 494a8 + -12?
49496
In base 11, what is 5 - 117a5225?
-117a5220
In base 15, what is 7d - 272e?
-26a1
In base 8, what is -1726446 - -504?
-1725742
In base 15, what is -9 + 6064a?
60641
In base 6, what is -22143035 + 5424?
-22133211
In base 7, what is 15512 + 13355?
32200
In base 11, what is -12a0 + -a26?
-2216
In base 7, what is -4133425 - -4?
-4133421
In base 15, what is -4 + 1544be4b?
1544be47
In base 6, what is 153351 - -31152?
224543
In base 15, what is -1e9bb048 - 3?
-1e9bb04b
In base 6, what is 13 - -522322152?
522322205
In base 8, what is 102320553 - -126?
102320701
In base 13, what is -40c1 - -7b1?
-3610
In base 10, what is -2 - -181953?
181951
In base 9, what is -2285220226 + 4?
-2285220222
In base 16, what is -3 + 433a77?
433a74
In base 11, what is 5 - -a114675?
a11467a
In base 4, what is 210223110213101 + -10?
210223110213031
In base 8, what is 15611 + -3157?
12432
In base 4, what is -221230022103 - -1?
-221230022102
In base 16, what is 14841 + 10c?
1494d
In base 5, what is 111302344 - 20?
111302324
In base 4, what is -31 + -211111112302?
-211111112333
In base 5, what is 10 - 120321431032?
-120321431022
In base 12, what is 196663 - a?
196655
In base 3, what is 22111012200 + 21200121?
22202220021
In base 3, what is 1222021120211 + -210?
1222021120001
In base 3, what is 11121 - 12110111?
-12021220
In base 7, what is -4063 + 10335?
3242
In base 3, what is 22 - -11021200220111?
11021200220210
In base 6, what is 5 - -310024503?
310024512
In base 3, what is -10 + -11101011112220111?
-11101011112220121
In base 4, what is -3101130300300 - 22?
-3101130300322
In base 9, what is 630500532 + -4?
630500527
In base 13, what is -13557 + -1ab4?
-1533b
In base 7, what is 524322 + -32?
524260
In base 16, what is -69f6 + -791?
-7187
In base 16, what is -3b750e + -19?
-3b7527
In base 8, what is -5060 - -1571?
-3267
In base 13, what is c - -325c68?
325c77
In base 10, what is -34 - -157780?
157746
In base 7, what is -1 + -25221554?
-25221555
In base 10, what is 37746742 - -3?
37746745
In base 10, what is -1230 + 28553?
27323
In base 13, what is 5 - 5b458c9?
-5b458c4
In base 6, what is 125102353 + 25?
125102422
In base 14, what is -25c3ab - -3d?
-25c36c
In base 15, what is ad22 + -26?
aceb
In base 8, what is 1 - -66023027?
66023030
In base 7, what is -622 + 2614523?
2613601
In base 11, what is 174 + 199920a?
1999383
In base 3, what is 22000220212 + -10012011?
21220201201
In base 6, what is -10 - -444131325?
444131315
In base 12, what is -4b43 - 11ab?
-6132
In base 6, what is -13 + 1253352311?
1253352254
In base 15, what is -6 - 9c8c49?
-9c8c50
In base 10, what is -5 + 69093393?
69093388
In base 11, what is a4a39016 + 6?
a4a39021
In base 5, what is -23132012 + 121301?
-23010211
In base 11, what is 1 - 696377?
-696376
In base 15, what is 27 + 3d90?
3db7
In base 3, what is 0 - 2021102101000120?
-2021102101000120
In base 2, what is -10011101 - 10100011111011?
-10100110011000
In base 8, what is -14461343 + -301?
-14461644
In base 8, what is -576610 - -70?
-576520
In base 2, what is 10011011101110110010010 + 1110?
10011011101110110100000
In base 8, what is -5177 - -44636?
37437
In base 2, what is -11000001 + -1001010101000011010111?
-1001010101000110011000
In base 12, what is -12638 + -50a?
-12b46
In base 11, what is 190 + 182010?
1821a0
In base 9, what is -1266 - 25560?
-26836
In base 6, what is 153 - -1525302?
1525455
In base 7, what is 14413545 + 104?
14413652
In base 9, what is -654 + -1588?
-2353
In base 16, what is 400 - -3a06?
3e06
In base 15, what is -172be32 - 4?
-172be36
In base 12, what is 7704 - 14046?
-8542
In base 12, what is 16b55 + 1418a?
2b123
In base 12, what is -156a78 - -4?
-156a74
In base 8, what is -10601330 - -32?
-10601276
In base 14, what is 1c + 274a2?
274c0
In base 5, what is -203414 + 21322440?
21114021
In base 4, what is -201102332213200 - -1?
-201102332213133
In base 6, what is 55101041 + 4?
55101045
In base 9, what is -51887218 + 2?
-51887216
In base 10, what is -5 + 6872738?
6872733
In base 14, what is -1a43 + -3b61b?
-3d260
In base 14, what is 4 + 21358b?
213591
In base 11, what is 4 + 2a40903?
2a40907
In base 15, what is a55030 - 4?
a5502b
In base 2, what is -1001111110011 - -10110110100?
-111000111111
In base 5, what is -43443 - 12012?
-111010
In base 9, what is 2 - -21753175?
21753177
In base 3, what is -1011 + -102221112?
-102222200
In base 5, what is 1 + 4200012311?
4200012312
In base 3, what is 211 + -1021222